{"id":9345,"date":"2025-04-04T09:59:05","date_gmt":"2025-04-04T07:59:05","guid":{"rendered":"https:\/\/fcsteinach.ch\/wordpress\/?page_id=9345"},"modified":"2026-04-15T22:20:33","modified_gmt":"2026-04-15T20:20:33","slug":"anmeldeformular-chnusperliturnier-2026","status":"publish","type":"page","link":"https:\/\/fcsteinach.ch\/wordpress\/anmeldeformular-chnusperliturnier-2026\/","title":{"rendered":"Anmeldeformular Chnusperliturnier 2026"},"content":{"rendered":"\n<div class=\"wp-block-contact-form-7-contact-form-selector\">\n<div class=\"wpcf7 no-js\" id=\"wpcf7-f9755-o1\" lang=\"de-DE\" dir=\"ltr\" data-wpcf7-id=\"9755\">\n<div class=\"screen-reader-response\"><p role=\"status\" aria-live=\"polite\" aria-atomic=\"true\"><\/p> <ul><\/ul><\/div>\n<form action=\"\/wordpress\/wp-json\/wp\/v2\/pages\/9345#wpcf7-f9755-o1\" method=\"post\" class=\"wpcf7-form init\" aria-label=\"Kontaktformular\" novalidate=\"novalidate\" data-status=\"init\">\n<fieldset class=\"hidden-fields-container\"><input type=\"hidden\" name=\"_wpcf7\" value=\"9755\" \/><input type=\"hidden\" name=\"_wpcf7_version\" value=\"6.1.5\" \/><input type=\"hidden\" name=\"_wpcf7_locale\" value=\"de_DE\" \/><input type=\"hidden\" name=\"_wpcf7_unit_tag\" value=\"wpcf7-f9755-o1\" \/><input type=\"hidden\" name=\"_wpcf7_container_post\" value=\"0\" \/><input type=\"hidden\" name=\"_wpcf7_posted_data_hash\" value=\"\" \/>\n<\/fieldset>\n<div class=\"uacf7-form-wrapper-container uacf7-form-9755  \"><p>Mannschaftsname<br \/>\n<span class=\"wpcf7-form-control-wrap\" data-name=\"Mannschaftsname\"><input size=\"40\" maxlength=\"400\" class=\"wpcf7-form-control wpcf7-text wpcf7-validates-as-required\" aria-required=\"true\" aria-invalid=\"false\" value=\"\" type=\"text\" name=\"Mannschaftsname\" \/><\/span><\/p>\n\n<p>Anzahl Damen<br \/>\n<span class=\"wpcf7-form-control-wrap\" data-name=\"AnzahlDamen\"><input class=\"wpcf7-form-control wpcf7-number wpcf7-validates-as-required wpcf7-validates-as-number\" min=\"0\" max=\"10\" aria-required=\"true\" aria-invalid=\"false\" value=\"\" type=\"number\" name=\"AnzahlDamen\" \/><\/span><\/p>\n\n<p>Anzahl Kinder unter 12 Jahren<br \/>\n<span class=\"wpcf7-form-control-wrap\" data-name=\"AnzahlKinder\"><input class=\"wpcf7-form-control wpcf7-number wpcf7-validates-as-required wpcf7-validates-as-number\" min=\"0\" max=\"10\" aria-required=\"true\" aria-invalid=\"false\" value=\"\" type=\"number\" name=\"AnzahlKinder\" \/><\/span><\/p>\n\n<p>Ich m\u00f6chte meine Firma am Chnusperliturnier mit einem Werbeplakat pr\u00e4sentieren. Gerne d\u00fcrft ihr mich kontaktieren.<\/p>\n<span class=\"wpcf7-form-control-wrap\" data-name=\"checkbox-242\"><span class=\"wpcf7-form-control wpcf7-checkbox wpcf7-validates-as-required wpcf7-exclusive-checkbox\"><span class=\"wpcf7-list-item first\"><span class=\"wpcf7-list-item-label\">Ja<\/span><input type=\"checkbox\" name=\"checkbox-242\" value=\"Ja\" \/><\/span><span class=\"wpcf7-list-item last\"><span class=\"wpcf7-list-item-label\">Nein<\/span><input type=\"checkbox\" name=\"checkbox-242\" value=\"Nein\" \/><\/span><\/span><\/span>\n\n<p>Vor- und Nachname Mannschaftsf\u00fchrer<br \/>\n<span class=\"wpcf7-form-control-wrap\" data-name=\"Vor-undnachnameMannschaftsfhrer\"><input size=\"40\" maxlength=\"400\" class=\"wpcf7-form-control wpcf7-text wpcf7-validates-as-required\" aria-required=\"true\" aria-invalid=\"false\" value=\"\" type=\"text\" name=\"Vor-undnachnameMannschaftsfhrer\" \/><\/span><\/p>\n\n<p>E-Mail<br \/>\n<span class=\"wpcf7-form-control-wrap\" data-name=\"E-Mail\"><input size=\"40\" maxlength=\"400\" class=\"wpcf7-form-control wpcf7-email wpcf7-validates-as-required wpcf7-text wpcf7-validates-as-email\" aria-required=\"true\" aria-invalid=\"false\" value=\"\" type=\"email\" name=\"E-Mail\" \/><\/span><\/p>\n\n<p>Handynummer<br \/>\n<span class=\"wpcf7-form-control-wrap\" data-name=\"Handynummer\"><input size=\"40\" maxlength=\"400\" class=\"wpcf7-form-control wpcf7-tel wpcf7-validates-as-required wpcf7-text wpcf7-validates-as-tel\" aria-required=\"true\" aria-invalid=\"false\" value=\"\" type=\"tel\" name=\"Handynummer\" \/><\/span><\/p>\n\n<p><input class=\"wpcf7-form-control wpcf7-submit has-spinner\" type=\"submit\" value=\"Senden\" \/><\/p><\/div><div class=\"wpcf7-response-output\" aria-hidden=\"true\"><\/div>\n<\/form>\n<\/div>\n<\/div>\n","protected":false},"excerpt":{"rendered":"","protected":false},"author":4,"featured_media":0,"parent":0,"menu_order":0,"comment_status":"closed","ping_status":"closed","template":"","meta":{"_uag_custom_page_level_css":"","_exactmetrics_skip_tracking":false,"_exactmetrics_sitenote_active":false,"_exactmetrics_sitenote_note":"","_exactmetrics_sitenote_category":0,"_monsterinsights_skip_tracking":false,"_monsterinsights_sitenote_active":false,"_monsterinsights_sitenote_note":"","_monsterinsights_sitenote_category":0,"ngg_post_thumbnail":0,"footnotes":""},"class_list":["post-9345","page","type-page","status-publish","hentry"],"aioseo_notices":[],"uagb_featured_image_src":{"full":false,"thumbnail":false,"medium":false,"medium_large":false,"large":false,"1536x1536":false,"2048x2048":false,"post-thumbnail":false,"thebox-large":false,"rpwe-thumbnail":false},"uagb_author_info":{"display_name":"Dominik Halter","author_link":"https:\/\/fcsteinach.ch\/wordpress\/author\/dominik\/"},"uagb_comment_info":0,"uagb_excerpt":null,"_links":{"self":[{"href":"https:\/\/fcsteinach.ch\/wordpress\/wp-json\/wp\/v2\/pages\/9345","targetHints":{"allow":["GET"]}}],"collection":[{"href":"https:\/\/fcsteinach.ch\/wordpress\/wp-json\/wp\/v2\/pages"}],"about":[{"href":"https:\/\/fcsteinach.ch\/wordpress\/wp-json\/wp\/v2\/types\/page"}],"author":[{"embeddable":true,"href":"https:\/\/fcsteinach.ch\/wordpress\/wp-json\/wp\/v2\/users\/4"}],"replies":[{"embeddable":true,"href":"https:\/\/fcsteinach.ch\/wordpress\/wp-json\/wp\/v2\/comments?post=9345"}],"version-history":[{"count":2,"href":"https:\/\/fcsteinach.ch\/wordpress\/wp-json\/wp\/v2\/pages\/9345\/revisions"}],"predecessor-version":[{"id":9756,"href":"https:\/\/fcsteinach.ch\/wordpress\/wp-json\/wp\/v2\/pages\/9345\/revisions\/9756"}],"wp:attachment":[{"href":"https:\/\/fcsteinach.ch\/wordpress\/wp-json\/wp\/v2\/media?parent=9345"}],"curies":[{"name":"wp","href":"https:\/\/api.w.org\/{rel}","templated":true}]}}